{"id":2,"date":"2023-12-14T03:02:23","date_gmt":"2023-12-14T03:02:23","guid":{"rendered":"https:\/\/harmonie-le-bien-etre.ch\/?page_id=2"},"modified":"2025-01-23T10:00:21","modified_gmt":"2025-01-23T10:00:21","slug":"sample-page","status":"publish","type":"page","link":"https:\/\/harmonie-le-bien-etre.ch\/index.php\/sample-page\/","title":{"rendered":"KINESIOLOGIE"},"content":{"rendered":"\n<p class=\"wp-block-paragraph\"><strong><em>IMAGINEZ VOTRE QUOTIDIEN APAISE ET HEUREUX<\/em><\/strong><\/p>\n\n\n\n<p class=\"wp-block-paragraph\">Les \u00e9v\u00e9nements physiques, \u00e9motionnels, les pens\u00e9es, en nous ou autour de nous, peuvent parfois s\u2019empaqueter. Ses paquets se concr\u00e9tisent en douleur, maladie, fatigue, impuissance \u00e0 \u00e9tablir un profond changement. <\/p>\n\n\n\n<p class=\"wp-block-paragraph\">Au fur et \u00e0 mesure de votre accompagnement, vous lib\u00e9rez votre corps des tensions physiques.<\/p>\n\n\n\n<p class=\"wp-block-paragraph\">Vous \u00e9vacuez les \u00e9motions, les pens\u00e9es et les croyances  qui vous tirent vers le bas et ou qui vous freinent.<\/p>\n\n\n\n<p class=\"wp-block-paragraph\">Vous d\u00e9veloppez le calme, l&rsquo;amour et l&rsquo;harmonie.<\/p>\n\n\n\n<p class=\"wp-block-paragraph\">Vous retrouvez confiance en vous et d\u00e9veloppez une nouvelle estime de qui vous \u00eates et de ce que vous faites.<\/p>\n\n\n\n<p class=\"wp-block-paragraph\">Vous \u00e9quilibrez plus ais\u00e9ment votre vie professionnelle et priv\u00e9e.<\/p>\n\n\n\n<p class=\"wp-block-paragraph\">Vos relations avec vos proches s&rsquo;apaisent et vous retrouverez les plaisirs simples d&rsquo;une existence apais\u00e9e et harmonieuse.<\/p>\n\n\n\n<p class=\"wp-block-paragraph\">Vous pouvez envisager des projets, des rencontres, que vous aviez peut-\u00eatre laiss\u00e9s de c\u00f4t\u00e9s et oser \u00eatre \u00e0 travers vos faires.<\/p>\n\n\n\n<p class=\"wp-block-paragraph\"><\/p>\n\n\n\n<p class=\"wp-block-paragraph\">L\u2019une ou l\u2019autre de ces pratiques am\u00e8nent \u00e0 se lib\u00e9rer de ses paquets.<\/p>\n\n\n\n<ul class=\"wp-block-list\">\n<li>L\u2019\u00e9coute, l\u2019\u00e9quilibrage et les soins de toutes les couches et parties de notre \u00eatre.<\/li>\n<\/ul>\n\n\n\n<ul class=\"wp-block-list\">\n<li>La lib\u00e9ration du c\u0153ur par le pardon.<\/li>\n<\/ul>\n\n\n\n<ul class=\"wp-block-list\">\n<li>Apprendre \u00e0 travers tous ses sens l\u2019essence m\u00eame qui coule en nous.<\/li>\n<\/ul>\n\n\n\n<ul class=\"wp-block-list\">\n<li>D\u00e9finir et \u00e9clairer nos besoins profonds en \u00e9clairant nos croyances, nos sch\u00e9mas de fonctionnement.<\/li>\n<\/ul>\n\n\n\n<ul class=\"wp-block-list\">\n<li>S\u2019exercer \u00e0 pratiquer des habitudes saines et humaines, avec des exercices ludiques et simples.<\/li>\n<\/ul>\n\n\n\n<p class=\"wp-block-paragraph\"><\/p>\n\n\n\n<figure class=\"wp-block-image size-large\"><img loading=\"lazy\" decoding=\"async\" width=\"768\" height=\"1024\" src=\"https:\/\/harmonie-le-bien-etre.ch\/wp-content\/uploads\/2023\/12\/IMG_20220921_093610-768x1024.jpg\" alt=\"\" class=\"wp-image-28\" srcset=\"https:\/\/harmonie-le-bien-etre.ch\/wp-content\/uploads\/2023\/12\/IMG_20220921_093610-768x1024.jpg 768w, https:\/\/harmonie-le-bien-etre.ch\/wp-content\/uploads\/2023\/12\/IMG_20220921_093610-225x300.jpg 225w, https:\/\/harmonie-le-bien-etre.ch\/wp-content\/uploads\/2023\/12\/IMG_20220921_093610-1152x1536.jpg 1152w, https:\/\/harmonie-le-bien-etre.ch\/wp-content\/uploads\/2023\/12\/IMG_20220921_093610-1536x2048.jpg 1536w, https:\/\/harmonie-le-bien-etre.ch\/wp-content\/uploads\/2023\/12\/IMG_20220921_093610-scaled.jpg 1920w\" sizes=\"auto, (max-width: 768px) 100vw, 768px\" \/><\/figure>\n\n\n\n<p class=\"wp-block-paragraph\">Pour accompagner les s\u00e9ances, il y a le tambour, les diapasons, les cristaux, les pierres Joya, les 5 solides de Platon, les huiles essentielles BIO, les Fleurs de Bach, l\u2019\u00e9quilibrage des m\u00e9ridiens, la visualisation d\u2019images et de pens\u00e9es positives, l\u2019utilisation et la pratique de la communication non-violente, le pardon, l\u2019approche holistique de la personne et de son environnement.<\/p>\n\n\n\n<p class=\"wp-block-paragraph\"><\/p>\n\n\n\n<p class=\"wp-block-paragraph\"><\/p>\n\n\n\n<p class=\"wp-block-paragraph\"><\/p>\n\n\n\n<div class=\"wp-block-group alignwide has-global-padding is-layout-constrained wp-block-group-is-layout-constrained\">\n<p class=\"wp-block-paragraph\">Patricia Derivaz<\/p>\n\n\n\n<p class=\"wp-block-paragraph\">Harmonie&#8230;..le bien \u00eatre du Corps, de l&rsquo;Esprit et des Pens\u00e9es<\/p>\n<\/div>\n\n\n\n<p class=\"wp-block-paragraph\">Chemin du Culat 15       1897 Le Bouveret ( VS ) suisse<\/p>\n\n\n\n<ul class=\"wp-block-social-links is-layout-flex wp-block-social-links-is-layout-flex\"><li class=\"wp-social-link wp-social-link-youtube wp-block-social-link\"><a href=\"https:\/\/www.youtube.com\/channel\/UCGqqtRWvxBMv2UIomhXhNnw\" class=\"wp-block-social-link-anchor\"><svg width=\"24\" height=\"24\" viewBox=\"0 0 24 24\" version=\"1.1\" xmlns=\"http:\/\/www.w3.org\/2000\/svg\" aria-hidden=\"true\" focusable=\"false\"><path d=\"M21.8,8.001c0,0-0.195-1.378-0.795-1.985c-0.76-0.797-1.613-0.801-2.004-0.847c-2.799-0.202-6.997-0.202-6.997-0.202 h-0.009c0,0-4.198,0-6.997,0.202C4.608,5.216,3.756,5.22,2.995,6.016C2.395,6.623,2.2,8.001,2.2,8.001S2,9.62,2,11.238v1.517 c0,1.618,0.2,3.237,0.2,3.237s0.195,1.378,0.795,1.985c0.761,0.797,1.76,0.771,2.205,0.855c1.6,0.153,6.8,0.201,6.8,0.201 s4.203-0.006,7.001-0.209c0.391-0.047,1.243-0.051,2.004-0.847c0.6-0.607,0.795-1.985,0.795-1.985s0.2-1.618,0.2-3.237v-1.517 C22,9.62,21.8,8.001,21.8,8.001z M9.935,14.594l-0.001-5.62l5.404,2.82L9.935,14.594z\"><\/path><\/svg><span class=\"wp-block-social-link-label screen-reader-text\">YouTube<\/span><\/a><\/li><\/ul>\n\n\n\n<p class=\"wp-block-paragraph\">Contactez-moi pour en savoir plus ou pour r\u00e9server un soin.<\/p>\n\n\n\n<p class=\"wp-block-paragraph\">Je suis impatiente de vous guider dans votre qu\u00eate de bien-\u00eatre, d&rsquo;harmonie et de vitalit\u00e9.<\/p>\n\n\n\n<p class=\"wp-block-paragraph\">Tarif horaire consultation priv\u00e9e 60 minutes 100.- Agr\u00e9e ASCA pour les prestations suivantes 205 Massage classique \/ 219 Reiki \/ 225 Touch for Health . Veuillez v\u00e9rifier chez votre prestataire d&rsquo;assurance  avant de venir au rendez-vous. Dans le cas d&rsquo;un non remboursement vous b\u00e9n\u00e9ficiez d&rsquo;une  r\u00e9duction sur la consultation. Payement de pr\u00e9f\u00e9rence en cash ou Twint<\/p>\n\n\n\n<p class=\"wp-block-paragraph\"><\/p>\n\n\n\n<p class=\"wp-block-paragraph\"><\/p>\n","protected":false},"excerpt":{"rendered":"<p>IMAGINEZ VOTRE QUOTIDIEN APAISE ET HEUREUX Les \u00e9v\u00e9nements physiques, \u00e9motionnels, les pens\u00e9es, en nous ou autour de nous, peuvent parfois s\u2019empaqueter. Ses paquets se concr\u00e9tisent en douleur, maladie, fatigue, impuissance \u00e0 \u00e9tablir un profond changement. Au fur et \u00e0 mesure de votre accompagnement, vous lib\u00e9rez votre corps des tensions physiques. Vous \u00e9vacuez les \u00e9motions, les [&hellip;]<\/p>\n","protected":false},"author":1,"featured_media":0,"parent":0,"menu_order":0,"comment_status":"closed","ping_status":"closed","template":"","meta":{"footnotes":""},"class_list":["post-2","page","type-page","status-publish","hentry"],"_links":{"self":[{"href":"https:\/\/harmonie-le-bien-etre.ch\/index.php\/wp-json\/wp\/v2\/pages\/2","targetHints":{"allow":["GET"]}}],"collection":[{"href":"https:\/\/harmonie-le-bien-etre.ch\/index.php\/wp-json\/wp\/v2\/pages"}],"about":[{"href":"https:\/\/harmonie-le-bien-etre.ch\/index.php\/wp-json\/wp\/v2\/types\/page"}],"author":[{"embeddable":true,"href":"https:\/\/harmonie-le-bien-etre.ch\/index.php\/wp-json\/wp\/v2\/users\/1"}],"replies":[{"embeddable":true,"href":"https:\/\/harmonie-le-bien-etre.ch\/index.php\/wp-json\/wp\/v2\/comments?post=2"}],"version-history":[{"count":7,"href":"https:\/\/harmonie-le-bien-etre.ch\/index.php\/wp-json\/wp\/v2\/pages\/2\/revisions"}],"predecessor-version":[{"id":217,"href":"https:\/\/harmonie-le-bien-etre.ch\/index.php\/wp-json\/wp\/v2\/pages\/2\/revisions\/217"}],"wp:attachment":[{"href":"https:\/\/harmonie-le-bien-etre.ch\/index.php\/wp-json\/wp\/v2\/media?parent=2"}],"curies":[{"name":"wp","href":"https:\/\/api.w.org\/{rel}","templated":true}]}}

<p class="wp-block-paragraph"><strong><em>IMAGINEZ VOTRE QUOTIDIEN APAISE ET HEUREUX</em></strong></p>



<p class="wp-block-paragraph">Les événements physiques, émotionnels, les pensées, en nous ou autour de nous, peuvent parfois s’empaqueter. Ses paquets se concrétisent en douleur, maladie, fatigue, impuissance à établir un profond changement. </p>



<p class="wp-block-paragraph">Au fur et à mesure de votre accompagnement, vous libérez votre corps des tensions physiques.</p>



<p class="wp-block-paragraph">Vous évacuez les émotions, les pensées et les croyances  qui vous tirent vers le bas et ou qui vous freinent.</p>



<p class="wp-block-paragraph">Vous développez le calme, l&rsquo;amour et l&rsquo;harmonie.</p>



<p class="wp-block-paragraph">Vous retrouvez confiance en vous et développez une nouvelle estime de qui vous êtes et de ce que vous faites.</p>



<p class="wp-block-paragraph">Vous équilibrez plus aisément votre vie professionnelle et privée.</p>



<p class="wp-block-paragraph">Vos relations avec vos proches s&rsquo;apaisent et vous retrouverez les plaisirs simples d&rsquo;une existence apaisée et harmonieuse.</p>



<p class="wp-block-paragraph">Vous pouvez envisager des projets, des rencontres, que vous aviez peut-être laissés de côtés et oser être à travers vos faires.</p>



<p class="wp-block-paragraph"></p>



<p class="wp-block-paragraph">L’une ou l’autre de ces pratiques amènent à se libérer de ses paquets.</p>



<ul class="wp-block-list">
<li>L’écoute, l’équilibrage et les soins de toutes les couches et parties de notre être.</li>
</ul>



<ul class="wp-block-list">
<li>La libération du cœur par le pardon.</li>
</ul>



<ul class="wp-block-list">
<li>Apprendre à travers tous ses sens l’essence même qui coule en nous.</li>
</ul>



<ul class="wp-block-list">
<li>Définir et éclairer nos besoins profonds en éclairant nos croyances, nos schémas de fonctionnement.</li>
</ul>



<ul class="wp-block-list">
<li>S’exercer à pratiquer des habitudes saines et humaines, avec des exercices ludiques et simples.</li>
</ul>



<p class="wp-block-paragraph"></p>



<figure class="wp-block-image size-large"><img loading="lazy" decoding="async" width="768" height="1024" src="https://harmonie-le-bien-etre.ch/wp-content/uploads/2023/12/IMG_20220921_093610-768x1024.jpg" alt="" class="wp-image-28" srcset="https://harmonie-le-bien-etre.ch/wp-content/uploads/2023/12/IMG_20220921_093610-768x1024.jpg 768w, https://harmonie-le-bien-etre.ch/wp-content/uploads/2023/12/IMG_20220921_093610-225x300.jpg 225w, https://harmonie-le-bien-etre.ch/wp-content/uploads/2023/12/IMG_20220921_093610-1152x1536.jpg 1152w, https://harmonie-le-bien-etre.ch/wp-content/uploads/2023/12/IMG_20220921_093610-1536x2048.jpg 1536w, https://harmonie-le-bien-etre.ch/wp-content/uploads/2023/12/IMG_20220921_093610-scaled.jpg 1920w" sizes="auto, (max-width: 768px) 100vw, 768px" /></figure>



<p class="wp-block-paragraph">Pour accompagner les séances, il y a le tambour, les diapasons, les cristaux, les pierres Joya, les 5 solides de Platon, les huiles essentielles BIO, les Fleurs de Bach, l’équilibrage des méridiens, la visualisation d’images et de pensées positives, l’utilisation et la pratique de la communication non-violente, le pardon, l’approche holistique de la personne et de son environnement.</p>



<p class="wp-block-paragraph"></p>



<p class="wp-block-paragraph"></p>



<p class="wp-block-paragraph"></p>



<div class="wp-block-group alignwide has-global-padding is-layout-constrained wp-block-group-is-layout-constrained">
<p class="wp-block-paragraph">Patricia Derivaz</p>



<p class="wp-block-paragraph">Harmonie&#8230;..le bien être du Corps, de l&rsquo;Esprit et des Pensées</p>
</div>



<p class="wp-block-paragraph">Chemin du Culat 15       1897 Le Bouveret ( VS ) suisse</p>



<ul class="wp-block-social-links is-layout-flex wp-block-social-links-is-layout-flex"><li class="wp-social-link wp-social-link-youtube wp-block-social-link"><a href="https://www.youtube.com/channel/UCGqqtRWvxBMv2UIomhXhNnw" class="wp-block-social-link-anchor"><svg width="24" height="24" viewBox="0 0 24 24" version="1.1" xmlns="http://www.w3.org/2000/svg" aria-hidden="true" focusable="false"><path d="M21.8,8.001c0,0-0.195-1.378-0.795-1.985c-0.76-0.797-1.613-0.801-2.004-0.847c-2.799-0.202-6.997-0.202-6.997-0.202 h-0.009c0,0-4.198,0-6.997,0.202C4.608,5.216,3.756,5.22,2.995,6.016C2.395,6.623,2.2,8.001,2.2,8.001S2,9.62,2,11.238v1.517 c0,1.618,0.2,3.237,0.2,3.237s0.195,1.378,0.795,1.985c0.761,0.797,1.76,0.771,2.205,0.855c1.6,0.153,6.8,0.201,6.8,0.201 s4.203-0.006,7.001-0.209c0.391-0.047,1.243-0.051,2.004-0.847c0.6-0.607,0.795-1.985,0.795-1.985s0.2-1.618,0.2-3.237v-1.517 C22,9.62,21.8,8.001,21.8,8.001z M9.935,14.594l-0.001-5.62l5.404,2.82L9.935,14.594z"></path></svg><span class="wp-block-social-link-label screen-reader-text">YouTube</span></a></li></ul>



<p class="wp-block-paragraph">Contactez-moi pour en savoir plus ou pour réserver un soin.</p>



<p class="wp-block-paragraph">Je suis impatiente de vous guider dans votre quête de bien-être, d&rsquo;harmonie et de vitalité.</p>



<p class="wp-block-paragraph">Tarif horaire consultation privée 60 minutes 100.- Agrée ASCA pour les prestations suivantes 205 Massage classique / 219 Reiki / 225 Touch for Health . Veuillez vérifier chez votre prestataire d&rsquo;assurance  avant de venir au rendez-vous. Dans le cas d&rsquo;un non remboursement vous bénéficiez d&rsquo;une  réduction sur la consultation. Payement de préférence en cash ou Twint</p>



<p class="wp-block-paragraph"></p>



<p class="wp-block-paragraph"></p>

<p>IMAGINEZ VOTRE QUOTIDIEN APAISE ET HEUREUX Les événements physiques, émotionnels, les pensées, en nous ou autour de nous, peuvent parfois s’empaqueter. Ses paquets se concrétisent en douleur, maladie, fatigue, impuissance à établir un profond changement. Au fur et à mesure de votre accompagnement, vous libérez votre corps des tensions physiques. Vous évacuez les émotions, les [&hellip;]</p>
