{"id":41,"date":"2023-12-14T15:33:48","date_gmt":"2023-12-14T15:33:48","guid":{"rendered":"https:\/\/harmonie-le-bien-etre.ch\/?page_id=41"},"modified":"2026-02-20T08:28:11","modified_gmt":"2026-02-20T08:28:11","slug":"constellations-familiales","status":"publish","type":"page","link":"https:\/\/harmonie-le-bien-etre.ch\/index.php\/constellations-familiales\/","title":{"rendered":"CONSTELLATIONS FAMILIALES OU D&rsquo;ENTREPRISES"},"content":{"rendered":"\n<h2 class=\"wp-block-heading\">Et si c&rsquo;\u00e9tait le bon moment pour retrouver le bonheur ?<\/h2>\n\n\n\n<p class=\"wp-block-paragraph\">Certaines personnes laissent passer tellement de temps avant de demander de l&rsquo;aide, qu&rsquo;elles finissent par sombrer totalement.<\/p>\n\n\n\n<p class=\"wp-block-paragraph\">Avec elles, elles entrainent la plupart du temps, leurs proches et ce sont plusieurs vies qui sont boulevers\u00e9es.<\/p>\n\n\n\n<p class=\"wp-block-paragraph\">Pour tout probl\u00e8me, il y a une solution : unique et personnelle.<\/p>\n\n\n\n<p class=\"wp-block-paragraph\">C&rsquo;EST MAINTENANT QUE : <\/p>\n\n\n\n<p class=\"wp-block-paragraph\">Vous pouvez d\u00e9cider de retrouver votre \u00e9nergie vitale.<\/p>\n\n\n\n<p class=\"wp-block-paragraph\">Vous pouvez transformer vos sch\u00e9mas de comportement qui influencent votre vie ( Abandon, M\u00e9fiance et Abus, Vuln\u00e9rabilit\u00e9, D\u00e9pendance, Carence affective, Exclusion, Imperfection, Echec, Assujetissement, Exigences \u00e9lev\u00e9es, Tout m&rsquo;est d\u00fb ) et \u00eatre libre.<\/p>\n\n\n\n<p class=\"wp-block-paragraph\">Vous pouvez retrouver votre \u00e9nergie vol\u00e9e \u00e0 la suite de blessures r\u00e9p\u00e9titives ou d&rsquo;\u00e9v\u00e9nements choquants. <\/p>\n\n\n\n<p class=\"wp-block-paragraph\">Vous pouvez cr\u00e9er des liens de paix et vous lib\u00e9rer des liens \u00e9motionnels et  en finir avec les r\u00e9p\u00e9titions des blessures \u00e9motionnelles ( Rejet, Abandon, Humiliation, Trahison, Injustice)<\/p>\n\n\n\n<p class=\"wp-block-paragraph\">Vous pouvez d\u00e9cider d&rsquo;accepter de vous faire aider, il est temps pour vous de faire le pas et de tendre la main.<\/p>\n\n\n\n<h2 class=\"wp-block-heading\">En consultation priv\u00e9e<\/h2>\n\n\n\n<p class=\"wp-block-paragraph\">Ensemble nous allons poser un regard neuf sur notre vie, sur ce qui fait mal, sur ce qui bloque ou prend de l\u2019\u00e9nergie. Au-del\u00e0 de nos croyances, nous allons d\u00e9couvrir les dynamiques cach\u00e9es qui nous emp\u00eachent de nous \u00e9panouir pleinement. Nous allons nourrir cet espace ab\u00eem\u00e9, cette part si pr\u00e9cieuse pour prendre notre juste place et devenir acteur de notre propre vie.<\/p>\n\n\n\n<p class=\"wp-block-paragraph\">La constellation familiale ou d&rsquo;entreprise, th\u00e9rapie br\u00e8ve, en individuel, accompagn\u00e9 ou en groupe permet de :<\/p>\n\n\n\n<p class=\"wp-block-paragraph\">Retrouver toute la force et toute la dignit\u00e9 d\u2019\u00eatre un, entier et diff\u00e9rent dans son appartenance.<\/p>\n\n\n\n<p class=\"wp-block-paragraph\">Ressentir dans son corps ce qui nous freine ou nous pousse.<\/p>\n\n\n\n<p class=\"wp-block-paragraph\"><\/p>\n\n\n\n<p class=\"wp-block-paragraph\">TARIF  EN PRIVE 100.- par 60 minutes. <\/p>\n\n\n\n<p class=\"wp-block-paragraph\"><\/p>\n\n\n\n<h2 class=\"wp-block-heading\">Qu\u2019est-ce qui peut \u00eatre travaill\u00e9 chez nous, dans nos histoires familiales ou pour notre entreprise ?<\/h2>\n\n\n\n<p class=\"wp-block-paragraph\">La famille, la fratrie, l\u2019adoption, le couple, les dynamiques de groupe<\/p>\n\n\n\n<p class=\"wp-block-paragraph\">Les relations extra-conjugale, le divorce, les familles reconstitu\u00e9es, les conflits au sein de l&rsquo;entreprise, les clients.<\/p>\n\n\n\n<p class=\"wp-block-paragraph\">La naissance, les fausses-couches, la sexualit\u00e9, les \u00e9checs r\u00e9p\u00e9t\u00e9s<\/p>\n\n\n\n<p class=\"wp-block-paragraph\">Les maladies, la mort<\/p>\n\n\n\n<p class=\"wp-block-paragraph\">Le travail, l\u2019argent, l&rsquo;absence d&rsquo;abondance<\/p>\n\n\n\n<p class=\"wp-block-paragraph\">Les coups du sort, les destins lourds<\/p>\n\n\n\n<p class=\"wp-block-paragraph\">Les d\u00e9cisions importantes \u00e0 prendre<\/p>\n\n\n\n<p class=\"wp-block-paragraph\">Je ne sais plus quoi faire, j\u2019ai tout essay\u00e9<\/p>\n\n\n\n<p class=\"wp-block-paragraph\">Des comportements vicieux constants chez nous ou au sein de notre environnement de famille ou d&rsquo;entreprise.<\/p>\n\n\n\n<figure class=\"wp-block-image size-large\"><img loading=\"lazy\" decoding=\"async\" width=\"768\" height=\"1024\" src=\"https:\/\/harmonie-le-bien-etre.ch\/wp-content\/uploads\/2023\/12\/IMG_20201204_091947-768x1024.jpg\" alt=\"\" class=\"wp-image-18\" srcset=\"https:\/\/harmonie-le-bien-etre.ch\/wp-content\/uploads\/2023\/12\/IMG_20201204_091947-768x1024.jpg 768w, https:\/\/harmonie-le-bien-etre.ch\/wp-content\/uploads\/2023\/12\/IMG_20201204_091947-225x300.jpg 225w, https:\/\/harmonie-le-bien-etre.ch\/wp-content\/uploads\/2023\/12\/IMG_20201204_091947-1152x1536.jpg 1152w, https:\/\/harmonie-le-bien-etre.ch\/wp-content\/uploads\/2023\/12\/IMG_20201204_091947-1536x2048.jpg 1536w, https:\/\/harmonie-le-bien-etre.ch\/wp-content\/uploads\/2023\/12\/IMG_20201204_091947-scaled.jpg 1920w\" sizes=\"auto, (max-width: 768px) 100vw, 768px\" \/><\/figure>\n\n\n\n<p class=\"wp-block-paragraph\"><\/p>\n\n\n\n<p class=\"wp-block-paragraph\"><\/p>\n\n\n\n<h2 class=\"wp-block-heading\">EN ATELIER DE GROUPE DATES 2025<\/h2>\n\n\n\n<p class=\"wp-block-paragraph\"><strong>TARIF<\/strong> <\/p>\n\n\n\n<p class=\"wp-block-paragraph\">CLIENTS 100.- 6 PLACES SUR RESERVATIONS <\/p>\n\n\n\n<p class=\"wp-block-paragraph\">REPRESENTANT 60.- 4 PLACES SUR RESERVATIONS<\/p>\n\n\n\n<p class=\"wp-block-paragraph\"><strong>Samedi de 9h \u00e0 17h<\/strong> dernier samedi du mois<\/p>\n\n\n\n<p class=\"wp-block-paragraph\">31 janvier 2026<\/p>\n\n\n\n<p class=\"wp-block-paragraph\">28 f\u00e9vrier 2026<\/p>\n\n\n\n<p class=\"wp-block-paragraph\">28 mars 2026<\/p>\n\n\n\n<p class=\"wp-block-paragraph\">25 avril 2026<\/p>\n\n\n\n<p class=\"wp-block-paragraph\">30 mai 2026<\/p>\n\n\n\n<p class=\"wp-block-paragraph\">27 juin 2026<\/p>\n\n\n\n<p class=\"wp-block-paragraph\">25 juillet 2026<\/p>\n\n\n\n<p class=\"wp-block-paragraph\">29 aout 2026<\/p>\n\n\n\n<p class=\"wp-block-paragraph\">26 septembre 2026<\/p>\n\n\n\n<p class=\"wp-block-paragraph\">31 octobre 2026<\/p>\n\n\n\n<p class=\"wp-block-paragraph\">28 novembre 2026<\/p>\n\n\n\n<p class=\"wp-block-paragraph\"><\/p>\n\n\n\n<figure class=\"wp-block-image size-large\"><img loading=\"lazy\" decoding=\"async\" width=\"1024\" height=\"1012\" src=\"https:\/\/harmonie-le-bien-etre.ch\/wp-content\/uploads\/2024\/12\/Screenshot_20200114_121409-1024x1012.jpg\" alt=\"\" class=\"wp-image-173\" srcset=\"https:\/\/harmonie-le-bien-etre.ch\/wp-content\/uploads\/2024\/12\/Screenshot_20200114_121409-1024x1012.jpg 1024w, https:\/\/harmonie-le-bien-etre.ch\/wp-content\/uploads\/2024\/12\/Screenshot_20200114_121409-300x296.jpg 300w, https:\/\/harmonie-le-bien-etre.ch\/wp-content\/uploads\/2024\/12\/Screenshot_20200114_121409-768x759.jpg 768w, https:\/\/harmonie-le-bien-etre.ch\/wp-content\/uploads\/2024\/12\/Screenshot_20200114_121409.jpg 1080w\" sizes=\"auto, (max-width: 1024px) 100vw, 1024px\" \/><\/figure>\n\n\n\n<h2 class=\"wp-block-heading\">A quoi vous attendre, comment se d\u00e9roule une s\u00e9ance en priv\u00e9 ou en groupe&nbsp;?<\/h2>\n\n\n\n<p class=\"wp-block-paragraph\">A votre rythme, en profondeur.<\/p>\n\n\n\n<p class=\"wp-block-paragraph\">&nbsp;<strong>1-\u00e8re phase :<\/strong><\/p>\n\n\n\n<p class=\"wp-block-paragraph\">Pas besoin de parler. Une phrase suffit pour \u00e9noncer ce qui vous p\u00e8se ou ce qui ne va pas. Une zone du corps douloureuse. Un silence qui en dit long.<\/p>\n\n\n\n<p class=\"wp-block-paragraph\"><strong>2 -\u00e8me phase&nbsp;:<\/strong><\/p>\n\n\n\n<p class=\"wp-block-paragraph\">Je place un \u00e9l\u00e9ment ou une personne ou une force ou une \u00e9nergie ( lorsque vous \u00eates en priv\u00e9 ces \u00e9l\u00e9ments sont remplac\u00e9s par des objets . Lorsque vous \u00eates en atelier ces \u00e9l\u00e9ments sont remplac\u00e9s par une autre personne du groupe, le repr\u00e9sentant ). Et c\u2019est comme le bout du fil d\u2019Arianne que l\u2019on d\u00e9ploie, en silence, jusqu\u2019\u00e0 la source du probl\u00e8me et au moment ou nous sommes au c\u0153ur du probl\u00e8me nous pouvons passer \u00e0 la 3\u00e8me phase.<\/p>\n\n\n\n<p class=\"wp-block-paragraph\"><strong>3 -\u00e8me phase&nbsp;:<\/strong><\/p>\n\n\n\n<p class=\"wp-block-paragraph\">Tester des solutions ou &nbsp;un nouveaux regard ou un nouveau paradigme.<\/p>\n\n\n\n<p class=\"wp-block-paragraph\">Et enfin :<\/p>\n\n\n\n<p class=\"wp-block-paragraph\"><strong>Lorsque le b\u00e9n\u00e9ficiaire, va cr\u00e9er dans son esprit, vivre dans son corps et manifester par le mouvement la solution, il va pouvoir retrouver toute la force et toute la dignit\u00e9 d\u2019\u00eatre UN , entier et diff\u00e9rent<\/strong><\/p>\n\n\n\n<p class=\"wp-block-paragraph\"><\/p>\n\n\n\n<p class=\"wp-block-paragraph\"><\/p>\n\n\n\n<div class=\"wp-block-group alignwide has-global-padding is-layout-constrained wp-block-group-is-layout-constrained\">\n<p class=\"wp-block-paragraph\">Patricia Derivaz<\/p>\n\n\n\n<p class=\"wp-block-paragraph\">Harmonie&#8230;..le bien \u00eatre du Corps, de l&rsquo;Esprit et des Pens\u00e9es<\/p>\n<\/div>\n\n\n\n<p class=\"wp-block-paragraph\">Chemin du Culat 15       1897 Le Bouveret ( VS ) suisse<\/p>\n\n\n\n<ul class=\"wp-block-social-links is-layout-flex wp-block-social-links-is-layout-flex\"><li class=\"wp-social-link wp-social-link-youtube wp-block-social-link\"><a href=\"https:\/\/www.youtube.com\/channel\/UCGqqtRWvxBMv2UIomhXhNnw\" class=\"wp-block-social-link-anchor\"><svg width=\"24\" height=\"24\" viewBox=\"0 0 24 24\" version=\"1.1\" xmlns=\"http:\/\/www.w3.org\/2000\/svg\" aria-hidden=\"true\" focusable=\"false\"><path d=\"M21.8,8.001c0,0-0.195-1.378-0.795-1.985c-0.76-0.797-1.613-0.801-2.004-0.847c-2.799-0.202-6.997-0.202-6.997-0.202 h-0.009c0,0-4.198,0-6.997,0.202C4.608,5.216,3.756,5.22,2.995,6.016C2.395,6.623,2.2,8.001,2.2,8.001S2,9.62,2,11.238v1.517 c0,1.618,0.2,3.237,0.2,3.237s0.195,1.378,0.795,1.985c0.761,0.797,1.76,0.771,2.205,0.855c1.6,0.153,6.8,0.201,6.8,0.201 s4.203-0.006,7.001-0.209c0.391-0.047,1.243-0.051,2.004-0.847c0.6-0.607,0.795-1.985,0.795-1.985s0.2-1.618,0.2-3.237v-1.517 C22,9.62,21.8,8.001,21.8,8.001z M9.935,14.594l-0.001-5.62l5.404,2.82L9.935,14.594z\"><\/path><\/svg><span class=\"wp-block-social-link-label screen-reader-text\">YouTube<\/span><\/a><\/li><\/ul>\n\n\n\n<p class=\"wp-block-paragraph\">Contactez-moi pour en savoir plus ou pour r\u00e9server un soin.<\/p>\n\n\n\n<p class=\"wp-block-paragraph\">Je suis impatiente de vous guider dans votre qu\u00eate de bien-\u00eatre, d&rsquo;harmonie et de vitalit\u00e9.<\/p>\n\n\n\n<p class=\"wp-block-paragraph\">Tarif horaire consultation priv\u00e9e 60 minutes 100.- Agr\u00e9e ASCA pour les prestations suivantes 205 Massage classique \/ 219 Reiki \/ 225 Touch for Health . Veuillez v\u00e9rifier chez votre prestataire d&rsquo;assurance  avant de venir au rendez-vous. Dans le cas d&rsquo;un non remboursement vous b\u00e9n\u00e9ficiez d&rsquo;une  r\u00e9duction sur la consultation. Payement de pr\u00e9f\u00e9rence en cash ou Twint<\/p>\n","protected":false},"excerpt":{"rendered":"<p>Et si c&rsquo;\u00e9tait le bon moment pour retrouver le bonheur ? Certaines personnes laissent passer tellement de temps avant de demander de l&rsquo;aide, qu&rsquo;elles finissent par sombrer totalement. Avec elles, elles entrainent la plupart du temps, leurs proches et ce sont plusieurs vies qui sont boulevers\u00e9es. Pour tout probl\u00e8me, il y a une solution : [&hellip;]<\/p>\n","protected":false},"author":1,"featured_media":0,"parent":0,"menu_order":0,"comment_status":"closed","ping_status":"closed","template":"","meta":{"footnotes":""},"class_list":["post-41","page","type-page","status-publish","hentry"],"_links":{"self":[{"href":"https:\/\/harmonie-le-bien-etre.ch\/index.php\/wp-json\/wp\/v2\/pages\/41","targetHints":{"allow":["GET"]}}],"collection":[{"href":"https:\/\/harmonie-le-bien-etre.ch\/index.php\/wp-json\/wp\/v2\/pages"}],"about":[{"href":"https:\/\/harmonie-le-bien-etre.ch\/index.php\/wp-json\/wp\/v2\/types\/page"}],"author":[{"embeddable":true,"href":"https:\/\/harmonie-le-bien-etre.ch\/index.php\/wp-json\/wp\/v2\/users\/1"}],"replies":[{"embeddable":true,"href":"https:\/\/harmonie-le-bien-etre.ch\/index.php\/wp-json\/wp\/v2\/comments?post=41"}],"version-history":[{"count":21,"href":"https:\/\/harmonie-le-bien-etre.ch\/index.php\/wp-json\/wp\/v2\/pages\/41\/revisions"}],"predecessor-version":[{"id":246,"href":"https:\/\/harmonie-le-bien-etre.ch\/index.php\/wp-json\/wp\/v2\/pages\/41\/revisions\/246"}],"wp:attachment":[{"href":"https:\/\/harmonie-le-bien-etre.ch\/index.php\/wp-json\/wp\/v2\/media?parent=41"}],"curies":[{"name":"wp","href":"https:\/\/api.w.org\/{rel}","templated":true}]}}

<h2 class="wp-block-heading">Et si c&rsquo;était le bon moment pour retrouver le bonheur ?</h2>



<p class="wp-block-paragraph">Certaines personnes laissent passer tellement de temps avant de demander de l&rsquo;aide, qu&rsquo;elles finissent par sombrer totalement.</p>



<p class="wp-block-paragraph">Avec elles, elles entrainent la plupart du temps, leurs proches et ce sont plusieurs vies qui sont bouleversées.</p>



<p class="wp-block-paragraph">Pour tout problème, il y a une solution : unique et personnelle.</p>



<p class="wp-block-paragraph">C&rsquo;EST MAINTENANT QUE : </p>



<p class="wp-block-paragraph">Vous pouvez décider de retrouver votre énergie vitale.</p>



<p class="wp-block-paragraph">Vous pouvez transformer vos schémas de comportement qui influencent votre vie ( Abandon, Méfiance et Abus, Vulnérabilité, Dépendance, Carence affective, Exclusion, Imperfection, Echec, Assujetissement, Exigences élevées, Tout m&rsquo;est dû ) et être libre.</p>



<p class="wp-block-paragraph">Vous pouvez retrouver votre énergie volée à la suite de blessures répétitives ou d&rsquo;événements choquants. </p>



<p class="wp-block-paragraph">Vous pouvez créer des liens de paix et vous libérer des liens émotionnels et  en finir avec les répétitions des blessures émotionnelles ( Rejet, Abandon, Humiliation, Trahison, Injustice)</p>



<p class="wp-block-paragraph">Vous pouvez décider d&rsquo;accepter de vous faire aider, il est temps pour vous de faire le pas et de tendre la main.</p>



<h2 class="wp-block-heading">En consultation privée</h2>



<p class="wp-block-paragraph">Ensemble nous allons poser un regard neuf sur notre vie, sur ce qui fait mal, sur ce qui bloque ou prend de l’énergie. Au-delà de nos croyances, nous allons découvrir les dynamiques cachées qui nous empêchent de nous épanouir pleinement. Nous allons nourrir cet espace abîmé, cette part si précieuse pour prendre notre juste place et devenir acteur de notre propre vie.</p>



<p class="wp-block-paragraph">La constellation familiale ou d&rsquo;entreprise, thérapie brève, en individuel, accompagné ou en groupe permet de :</p>



<p class="wp-block-paragraph">Retrouver toute la force et toute la dignité d’être un, entier et différent dans son appartenance.</p>



<p class="wp-block-paragraph">Ressentir dans son corps ce qui nous freine ou nous pousse.</p>



<p class="wp-block-paragraph"></p>



<p class="wp-block-paragraph">TARIF  EN PRIVE 100.- par 60 minutes. </p>



<p class="wp-block-paragraph"></p>



<h2 class="wp-block-heading">Qu’est-ce qui peut être travaillé chez nous, dans nos histoires familiales ou pour notre entreprise ?</h2>



<p class="wp-block-paragraph">La famille, la fratrie, l’adoption, le couple, les dynamiques de groupe</p>



<p class="wp-block-paragraph">Les relations extra-conjugale, le divorce, les familles reconstituées, les conflits au sein de l&rsquo;entreprise, les clients.</p>



<p class="wp-block-paragraph">La naissance, les fausses-couches, la sexualité, les échecs répétés</p>



<p class="wp-block-paragraph">Les maladies, la mort</p>



<p class="wp-block-paragraph">Le travail, l’argent, l&rsquo;absence d&rsquo;abondance</p>



<p class="wp-block-paragraph">Les coups du sort, les destins lourds</p>



<p class="wp-block-paragraph">Les décisions importantes à prendre</p>



<p class="wp-block-paragraph">Je ne sais plus quoi faire, j’ai tout essayé</p>



<p class="wp-block-paragraph">Des comportements vicieux constants chez nous ou au sein de notre environnement de famille ou d&rsquo;entreprise.</p>



<figure class="wp-block-image size-large"><img loading="lazy" decoding="async" width="768" height="1024" src="https://harmonie-le-bien-etre.ch/wp-content/uploads/2023/12/IMG_20201204_091947-768x1024.jpg" alt="" class="wp-image-18" srcset="https://harmonie-le-bien-etre.ch/wp-content/uploads/2023/12/IMG_20201204_091947-768x1024.jpg 768w, https://harmonie-le-bien-etre.ch/wp-content/uploads/2023/12/IMG_20201204_091947-225x300.jpg 225w, https://harmonie-le-bien-etre.ch/wp-content/uploads/2023/12/IMG_20201204_091947-1152x1536.jpg 1152w, https://harmonie-le-bien-etre.ch/wp-content/uploads/2023/12/IMG_20201204_091947-1536x2048.jpg 1536w, https://harmonie-le-bien-etre.ch/wp-content/uploads/2023/12/IMG_20201204_091947-scaled.jpg 1920w" sizes="auto, (max-width: 768px) 100vw, 768px" /></figure>



<p class="wp-block-paragraph"></p>



<p class="wp-block-paragraph"></p>



<h2 class="wp-block-heading">EN ATELIER DE GROUPE DATES 2025</h2>



<p class="wp-block-paragraph"><strong>TARIF</strong> </p>



<p class="wp-block-paragraph">CLIENTS 100.- 6 PLACES SUR RESERVATIONS </p>



<p class="wp-block-paragraph">REPRESENTANT 60.- 4 PLACES SUR RESERVATIONS</p>



<p class="wp-block-paragraph"><strong>Samedi de 9h à 17h</strong> dernier samedi du mois</p>



<p class="wp-block-paragraph">31 janvier 2026</p>



<p class="wp-block-paragraph">28 février 2026</p>



<p class="wp-block-paragraph">28 mars 2026</p>



<p class="wp-block-paragraph">25 avril 2026</p>



<p class="wp-block-paragraph">30 mai 2026</p>



<p class="wp-block-paragraph">27 juin 2026</p>



<p class="wp-block-paragraph">25 juillet 2026</p>



<p class="wp-block-paragraph">29 aout 2026</p>



<p class="wp-block-paragraph">26 septembre 2026</p>



<p class="wp-block-paragraph">31 octobre 2026</p>



<p class="wp-block-paragraph">28 novembre 2026</p>



<p class="wp-block-paragraph"></p>



<figure class="wp-block-image size-large"><img loading="lazy" decoding="async" width="1024" height="1012" src="https://harmonie-le-bien-etre.ch/wp-content/uploads/2024/12/Screenshot_20200114_121409-1024x1012.jpg" alt="" class="wp-image-173" srcset="https://harmonie-le-bien-etre.ch/wp-content/uploads/2024/12/Screenshot_20200114_121409-1024x1012.jpg 1024w, https://harmonie-le-bien-etre.ch/wp-content/uploads/2024/12/Screenshot_20200114_121409-300x296.jpg 300w, https://harmonie-le-bien-etre.ch/wp-content/uploads/2024/12/Screenshot_20200114_121409-768x759.jpg 768w, https://harmonie-le-bien-etre.ch/wp-content/uploads/2024/12/Screenshot_20200114_121409.jpg 1080w" sizes="auto, (max-width: 1024px) 100vw, 1024px" /></figure>



<h2 class="wp-block-heading">A quoi vous attendre, comment se déroule une séance en privé ou en groupe&nbsp;?</h2>



<p class="wp-block-paragraph">A votre rythme, en profondeur.</p>



<p class="wp-block-paragraph">&nbsp;<strong>1-ère phase :</strong></p>



<p class="wp-block-paragraph">Pas besoin de parler. Une phrase suffit pour énoncer ce qui vous pèse ou ce qui ne va pas. Une zone du corps douloureuse. Un silence qui en dit long.</p>



<p class="wp-block-paragraph"><strong>2 -ème phase&nbsp;:</strong></p>



<p class="wp-block-paragraph">Je place un élément ou une personne ou une force ou une énergie ( lorsque vous êtes en privé ces éléments sont remplacés par des objets . Lorsque vous êtes en atelier ces éléments sont remplacés par une autre personne du groupe, le représentant ). Et c’est comme le bout du fil d’Arianne que l’on déploie, en silence, jusqu’à la source du problème et au moment ou nous sommes au cœur du problème nous pouvons passer à la 3ème phase.</p>



<p class="wp-block-paragraph"><strong>3 -ème phase&nbsp;:</strong></p>



<p class="wp-block-paragraph">Tester des solutions ou &nbsp;un nouveaux regard ou un nouveau paradigme.</p>



<p class="wp-block-paragraph">Et enfin :</p>



<p class="wp-block-paragraph"><strong>Lorsque le bénéficiaire, va créer dans son esprit, vivre dans son corps et manifester par le mouvement la solution, il va pouvoir retrouver toute la force et toute la dignité d’être UN , entier et différent</strong></p>



<p class="wp-block-paragraph"></p>



<p class="wp-block-paragraph"></p>



<div class="wp-block-group alignwide has-global-padding is-layout-constrained wp-block-group-is-layout-constrained">
<p class="wp-block-paragraph">Patricia Derivaz</p>



<p class="wp-block-paragraph">Harmonie&#8230;..le bien être du Corps, de l&rsquo;Esprit et des Pensées</p>
</div>



<p class="wp-block-paragraph">Chemin du Culat 15       1897 Le Bouveret ( VS ) suisse</p>



<ul class="wp-block-social-links is-layout-flex wp-block-social-links-is-layout-flex"><li class="wp-social-link wp-social-link-youtube wp-block-social-link"><a href="https://www.youtube.com/channel/UCGqqtRWvxBMv2UIomhXhNnw" class="wp-block-social-link-anchor"><svg width="24" height="24" viewBox="0 0 24 24" version="1.1" xmlns="http://www.w3.org/2000/svg" aria-hidden="true" focusable="false"><path d="M21.8,8.001c0,0-0.195-1.378-0.795-1.985c-0.76-0.797-1.613-0.801-2.004-0.847c-2.799-0.202-6.997-0.202-6.997-0.202 h-0.009c0,0-4.198,0-6.997,0.202C4.608,5.216,3.756,5.22,2.995,6.016C2.395,6.623,2.2,8.001,2.2,8.001S2,9.62,2,11.238v1.517 c0,1.618,0.2,3.237,0.2,3.237s0.195,1.378,0.795,1.985c0.761,0.797,1.76,0.771,2.205,0.855c1.6,0.153,6.8,0.201,6.8,0.201 s4.203-0.006,7.001-0.209c0.391-0.047,1.243-0.051,2.004-0.847c0.6-0.607,0.795-1.985,0.795-1.985s0.2-1.618,0.2-3.237v-1.517 C22,9.62,21.8,8.001,21.8,8.001z M9.935,14.594l-0.001-5.62l5.404,2.82L9.935,14.594z"></path></svg><span class="wp-block-social-link-label screen-reader-text">YouTube</span></a></li></ul>



<p class="wp-block-paragraph">Contactez-moi pour en savoir plus ou pour réserver un soin.</p>



<p class="wp-block-paragraph">Je suis impatiente de vous guider dans votre quête de bien-être, d&rsquo;harmonie et de vitalité.</p>



<p class="wp-block-paragraph">Tarif horaire consultation privée 60 minutes 100.- Agrée ASCA pour les prestations suivantes 205 Massage classique / 219 Reiki / 225 Touch for Health . Veuillez vérifier chez votre prestataire d&rsquo;assurance  avant de venir au rendez-vous. Dans le cas d&rsquo;un non remboursement vous bénéficiez d&rsquo;une  réduction sur la consultation. Payement de préférence en cash ou Twint</p>

<p>Et si c&rsquo;était le bon moment pour retrouver le bonheur ? Certaines personnes laissent passer tellement de temps avant de demander de l&rsquo;aide, qu&rsquo;elles finissent par sombrer totalement. Avec elles, elles entrainent la plupart du temps, leurs proches et ce sont plusieurs vies qui sont bouleversées. Pour tout problème, il y a une solution : [&hellip;]</p>
